 Let g = 0 - x. Calculate the remainder when g is divided by n.
1
Suppose l + 3*u - 21 = 0, -5*u = -4*l + l + 105. Let y(g) = 2*g**2 - 5*g + 86. What is the remainder when y(0) is divided by l?
26
Let o = -35 - -41. Calculate the remainder when o is divided by (-2)/(-3)*30/4.
1
Let z = -1468 + 1485. What is the remainder when 71 is divided by z?
3
Suppose 23*x = 14*x + 765. Calculate the remainder when x is divided by 33.
19
Suppose 20*d - 871 = 989. Calculate the remainder when d is divided by 19.
17
Suppose z = -3*z - 3*r + 200, 4*r - 90 = -2*z. Calculate the remainder when z is divided by 38.
15
Let s be (-2 + -2 - 0)/(-2). Suppose 3*v + 5*u = 89, -s*v = -3*u - 35 - 18. What is the remainder when v is divided by 15?
13
Let r = 6 - 9. Suppose -l + 4*l - 51 = 0. What is the remainder when ((-2)/6)/(r/279) is divided by l?
14
Suppose -153 + 23 = 5*z. Let x = -72 - z. Let w = x - -67. Calculate the remainder when 62 is divided by w.
20
Suppose -2*l + 4 = -0. Suppose -2*k + 26 = -4*n, -3*k = -l*n - 3*n - 36. Calculate the remainder when k is divided by 5.
2
Suppose 1001 + 6909 = 10*q. What is the remainder when q is divided by 18?
17
Let a(h) be the first derivative of 6*h**2 + h + 6. What is the remainder when 63 is divided by a(1)?
11
Let g = 328 + -155. What is the remainder when g is divided by 44?
41
Suppose -3*r + 12 = -12. What is the remainder when 66 is divided by (51/(-12))/((-2)/r)?
15
Let l = 80 + -32. Let k = 1384 + -1359. What is the remainder when l is divided by k?
23
Let b(w) = 100 - 166 - 2*w + 116. Calculate the remainder when 32 is divided by b(22).
2
Let j be (-14)/(-3) - (-4)/(-6). Suppose -j*y - 3*r = -11, y + 0*y = -r + 2. Calculate the remainder when 22 is divided by y.
2
Let v(s) = s + 31. Let f be v(17). Let q = -39 + f. Let z(k) = 12*k - 1. Calculate the remainder when z(3) is divided by q.
8
Suppose -3*c - 3*q = -21, -15 = -5*c - 4*q + 16. Suppose -56 = -a - c*a. Let v = a + 7. What is the remainder when 41 is divided by v?
20
Let u = -87 + 134. Suppose -2*f + 15 = 5. Suppose 0 = 3*q - u + f. Calculate the remainder when 54 is divided by q.
12
Suppose 2*k - 1 = k. Let x(t) = -t**3 - 5*t**2 - 23*t - 95. What is the remainder when -2 - k/1*-59 is divided by x(-5)?
17
Let j(l) = 63*l**2 + l. Let z be j(1). Suppose d - z = -3*d. What is the remainder when 62 is divided by d?
14
What is the remainder when (450/10)/(-9) - -12 is divided by ((-28)/(-6))/(4/6)?
0
Suppose 4*f - 8 = 5*f - 2*n, 3*f = 4*n - 18. Let q be -4 + f + 2 + 23. Let p = q - 12. What is the remainder when 34 is divided by p?
6
Let a be 0/((-2 + 1)/(-1)). Suppose a = -4*i - 5*p + 307, p + 2*p = -5*i + 400. Calculate the remainder when i is divided by 43.
40
Let w(r) = -r**2 + 5*r + 4. Let d = 15 + -9. Let g be w(d). What is the remainder when 3/g*(-4 + -26) is divided by 23?
22
Suppose 2*w - 3*w = -1, 4*w - 28 = 3*z. What is the remainder when 10/z*432/(-4) is divided by 17?
16
Suppose 0*v - 3*v - 3*m + 72 = 0, -2*v + 2*m + 40 = 0. What is the remainder when 80 is divided by v?
14
Let p(h) = h**2 + 64. Suppose 0 = -68*n - 10332 + 11488. Calculate the remainder when p(0) is divided by n.
13
Suppose 0 = 2*i - i - 4*r - 151, 4*i + 5*r - 667 = 0. Let g = 4532 - 4499. What is the remainder when i is divided by g?
31
Let d(v) = -2*v**3 + 50*v**2 - 46*v - 36. What is the remainder when 128 is divided by d(24)?
8
Let g be ((-2)/4)/((-6)/24). Let n(q) = q + 7. Calculate the remainder when (16/(-5))/(g/(-10)) is divided by n(-2).
1
Suppose 5*g - 43 = 5*m - 8, g + 8 = -4*m. Suppose -3*s - g*s = -833. What is the remainder when s is divided by 6?
5
Let g = 242 - 240. Calculate the remainder when 39 is divided by g.
1
Let f(l) = -l**2 - l - 19. Let h(z) = z. Let v(m) = -f(m) + 5*h(m). Calculate the remainder when v(-6) is divided by 3.
1
Let s be 0 + (-29)/(-1 - 0). Suppose 0 = -2*a + s + 1. Let h(z) = 7*z**2 - 47*z - 10. Calculate the remainder when a is divided by h(7).
3
Calculate the remainder when -460*(65/(-20) - -3) is divided by 58.
57
Let m = -61 - -113. Suppose -22*b - 41 = -2*n - 19*b, -3*n + 2*b = -59. What is the remainder when m is divided by n?
14
Let l(t) = -2*t**2 + 5*t + 11. Let r be l(4). Let j(h) = -18*h**3 - h**2 - 4*h - 2. Calculate the remainder when 207 is divided by j(r).
17
Let b(a) = 10*a**2 - 3*a + 2. Let p be b(1). Let s = 24 - p. What is the remainder when 33 + -2 - (1 + 1) is divided by s?
14
Suppose 8*m - 556 = 108. Calculate the remainder when m is divided by 34.
15
What is the remainder when 80 is divided by 825/45 + 7/(-21)?
8
Let c = -1281 - -1327. Calculate the remainder when 61 is divided by c.
15
Suppose -60 = 2*j - 128. Calculate the remainder when 50 is divided by j.
16
Let d(m) = 13*m**2 - 265*m - 2. Calculate the remainder when d(21) is divided by 86.
80
Suppose s - 13 = v - 2, 24 = 2*s - 3*v. Calculate the remainder when s is divided by 7.
2
Suppose -g = -2*g + 3*c - 10, -3*c + 12 = 0. Suppose -g*j = -5*v - 161, 2*j = 3*v - 6*v + 169. Calculate the remainder when j is divided by 4.
3
Suppose 15*l + 17463 = 17493. Let s = 31 + -3. Suppose -z + s = 5*t - t, 0 = 5*z + 2*t - 50. What is the remainder when z is divided by l?
0
Let u(x) = -20*x - 63. Calculate the remainder when 107 is divided by u(-5).
33
What is the remainder when 95 is divided by 32/20*(-4 - 63/(-2))?
7
Suppose 127 = 4*a - v - 68, 0 = 5*v - 5. What is the remainder when 1811 is divided by a?
47
Let y be (1*-2)/((-4)/(-6)). Let x(s) = -2*s + 3. Suppose 0 = -3*b - 4*m + 115, 0 = 3*m - m - 8. What is the remainder when b is divided by x(y)?
6
Let x be (-13560)/(-27) + (-2)/9. Let j = -258 + x. Suppose -3*z - 43 = -f + 2, -j = -4*f - 4*z. Calculate the remainder when f is divided by 20.
17
Let u = -305 - -734. Suppose 0 = 3*a - 3, 5*l = a - 20 + u. Suppose -n = 5*m - 97, 0*n - l = -n - 2*m. Calculate the remainder when n is divided by 25.
22
Let f(h) = 0*h + 1 - 6 + 2*h + 3. Calculate the remainder when f(8) is divided by 5.
4
Suppose 0 = -u - 8 - 13. Let w(b) = 2*b**3 + 43*b**2 + 19*b - 21. What is the remainder when w(u) is divided by (-3)/12 + (-90)/(-8)?
10
Suppose -w - 10 = -2*w. What is the remainder when (8/w)/((-2)/(-260)) is divided by 21?
20
Let g(x) = 0*x**2 - 4*x + 5*x**2 - 4*x**2 + 2*x**2. Let r be g(3). Let h = r - 4. Calculate the remainder when 40 is divided by h.
7
Suppose -5*o - 16 = 3*o. Calculate the remainder when 25 is divided by (o - 4)*-2 + 0 + 2.
11
Let q = -19 - -22. What is the remainder when 129 is divided by (18 + (7 - q))/1?
19
Suppose -2*m - 16 = -22. Suppose 5*x + 2*s = 240, -3*x + m*s + 144 = -2*s. Let q = -51 - -76. Calculate the remainder when x is divided by q.
23
Let r(l) = l**3 + 6*l**2 - 3*l - 7. Let b be r(-5). Let z = 138 - b. Let j = z - 56. Calculate the remainder when j is divided by 13.
10
Let z(v) = v - 6. Let m be z(9). Suppose -32 = -m*p + 265. What is the remainder when p is divided by 25?
24
Suppose 30*i + 53*i - 3237 = 0. Let y = 99 + -69. Suppose 2*w = -w + y. Calculate the remainder when i is divided by w.
9
Suppose 0 = -3*q - 6, -5*j = -0*j - 2*q + 471. Let c = 125 + j. Calculate the remainder when 53 is divided by c.
23
Suppose -318 = -4*v + 3*k, -6 - 2 = -4*k. Let r(m) = 2*m**2 - 36*m + 55. Calculate the remainder when v is divided by r(17).
18
Let l = 959 + -904. Calculate the remainder when 1374 is divided by l.
54
Let i(j) = j + 7. Let f be i(-12). What is the remainder when 41 is divided by 1/3*(-165)/f?
8
Suppose 6*d - 81 = 9. Suppose -3*n = -45 - 126. What is the remainder when n is divided by d?
12
Let r = 118 - 15. Let y = -150 + r. Let j = y - -66. What is the remainder when 74 is divided by j?
17
Let y(k) = k**3 + 4*k**2 + 4. Let v be y(-4). Suppose -v*b = -117 - 19. Let h(z) = 4*z + 32. Calculate the remainder when b is divided by h(-5).
10
Let w = 75 - -19. Let f(a) = 4*a**3 + a**2 - 4. Calculate the remainder when w is divided by f(2).
30
Calculate the remainder when ((-182)/35)/((-14)/1120) is divided by 22.
20
Let x(k) = -k + 13. Let a be x(9). Suppose 5*y - a = 4*y. Suppose -5*j = -6 - 4, -4*s = -y*j - 60. Calculate the remainder when 32 is divided by s.
15
Suppose -s - 3*x = -53 - 1, s = 5*x + 54. What is the remainder when s is divided by 3*-2 + (-120)/(-5 - 1)?
12
Suppose 4 + 0 = 4*c, 0 